+ 13. What are the prime factors of r(-1)?
2, 5, 19
List the prime factors of (5/(-6))/(1 - 77/66) + 32555.
2, 5, 11, 37
Let z(u) = 5*u - 7. Let b be z(2). Suppose 0 = b*v + v - 304. Suppose 33*m = 32*m + v. What are the prime factors of m?
2, 19
Let l be (((-207)/2)/3)/(3/(-8)). Let h = -140 + l. Let p = 1 - h. What are the prime factors of p?
7
Let c(s) = -42 + 56*s + 42. Let v be c(4). Suppose -8*h = -688 - v. What are the prime factors of h?
2, 3, 19
Let p(a) = -831*a**2 + 7*a + 6. Let l be p(-1). Let z = 1245 + l. List the prime factors of z.
7, 59
Suppose -3*y + 34299 = 2*t, 8*y - 5*t = 3*y + 57140. What are the prime factors of y?
7, 23, 71
Let t = 5188 - 1502. List the prime factors of t.
2, 19, 97
Suppose 15*k - 148460 = -11*k. List the prime factors of k.
2, 5, 571
Let p be (-4379)/(-58) - (-14)/4. Let f = 347 - p. What are the prime factors of f?
2, 67
Suppose 65*f - 135345 = -47*f + 109*f. What are the prime factors of f?
5, 7, 1289
List the prime factors of 10/2 - (1303225/(-66) - (-1)/(-6)).
19751
Suppose -27*l = -26*l - 22. Suppose 30*u - l*u = 848. What are the prime factors of u?
2, 53
Suppose -3*h + 2*t + 269 = 0, 2*h - 283 = -h - 5*t. Let q = -86 + h. Suppose 238 = q*i - 4*i. What are the prime factors of i?
2, 7, 17
What are the prime factors of (11943/(-27) + -6)*-3?
5, 269
Let k(u) = -5452*u - 61. List the prime factors of k(-7).
3, 13, 977
Let g(n) = 88*n**2 + 75*n + 1151. What are the prime factors of g(-17)?
2, 3, 19, 37
Suppose 3*k - 2*k = 672. Let l = k + -326. Suppose -m = -2*m - 2*j + 64, -3*j - l = -5*m. What are the prime factors of m?
2, 17
Let g(d) = 20*d**3 + 5*d**2 + 3*d - 4. Let t be g(-2). Let f be 12/(-5)*t/4. List the prime factors of (-2)/(-9) + 2320/f.
2, 13
Suppose 59535 = -3149*y + 3158*y. List the prime factors of y.
3, 5, 7
What are the prime factors of (-2)/3 - (-46520026)/1302?
35729
List the prime factors of ((-264)/(-28)*213)/(6/28).
2, 3, 11, 71
Suppose -3802008 = -453*i + 82*i. List the prime factors of i.
2, 3, 7, 61
Let b(h) = 10*h**2 + 89*h - 512. List the prime factors of b(48).
2, 5, 67
Let r be ((-1485)/(-6))/((-1)/(-2)). Let m = r + 395. What are the prime factors of m?
2, 5, 89
Let i be 2*(-2)/8*2. What are the prime factors of (-468)/(-24)*i/((-6)/68)?
13, 17
Let s(f) = 6*f**2 + 38 + 9*f - 44 + 38*f**2. What are the prime factors of s(2)?
2, 47
Suppose 17*w = -34*w - 19*w + 1684410. List the prime factors of w.
3, 13, 617
Let u(i) = 2*i**2. Let t(v) = -5*v**2 + 26*v - 12. Let g(p) = t(p) + 2*u(p). List the prime factors of g(18).
2, 3, 11
Let n(v) = -3*v - 103. Let t be n(27). Let c = t - -318. List the prime factors of c.
2, 67
List the prime factors of (-197406)/(-44)*(-64)/(-12).
2, 3, 997
Let q = 1871 + -772. Suppose -3*o + q = 4*c - 2992, -4*o + 5418 = -2*c. List the prime factors of o.
23, 59
Suppose j + 271385 = 5*z, 10*z - 54263 = 9*z + 3*j. What are the prime factors of z?
2, 7, 3877
Let x(v) = -7*v + 1. Let i be x(1). Let s = -250 - -270. List the prime factors of 9/i*s/(-3).
2, 5
Let z be (-6)/14 + (-51)/(-21). Let u(i) = -z*i**2 + i + 146*i**3 - 3*i - 140*i**3. List the prime factors of u(3).
2, 3, 23
Let c = -143 - -147. List the prime factors of 2*(4 + 2/c).
3
Let u = -55 + 66. Suppose -5*h = -u*h + 318. Suppose -6*c + 91 = -h. List the prime factors of c.
2, 3
Suppose -x = 2*x + 138. Suppose d + 27*a - 24*a = -148, -5*a - 15 = 0. Let t = x - d. List the prime factors of t.
3, 31
Let b(g) = -g**3 - 19*g**2 + 13*g - 18. Let q be b(-20). Let f = q + -110. Suppose 4*j = -a + 125, 17*j - 4*a - 151 = f*j. List the prime factors of j.
31
Let v(l) = -187*l - 9. Let s be v(-3). What are the prime factors of s*(-5 + 6) - 5?
547
Let s(t) = 54*t - 2. Let v be s(2). Suppose 64 = -2*h + v. Suppose h*l = 17*l + 336. What are the prime factors of l?
2, 3, 7
Suppose -3*m - 983 - 256 = -4*r, 633 = 2*r + 3*m. Let o = r - -150. List the prime factors of o.
2, 3, 7, 11
Let x = 151 + -148. Suppose -x*y + 5*h = -419, -5*h + 4 = -6. List the prime factors of y.
11, 13
Suppose -5*h + 1534 = -736. Suppose -7*i = -12*i - 20, -4*i - 442 = -3*c. Suppose 8*f - h = -c. What are the prime factors of f?
3, 13
Suppose 3*f - 4*p = -6*p - 5, 3*f + 11 = p. Let x = f + 50. Suppose 50*m - 300 = x*m. What are the prime factors of m?
2, 5
Let i = 21699 - 7396. List the prime factors of i.
14303
Let b = 187 + -190. Let r(q) = -10*q**3 - 3*q**2 - 11*q - 4. What are the prime factors of r(b)?
2, 17
Let z = 209 - 196. List the prime factors of -94 - -94 - z*(-11 - -1).
2, 5, 13
Let g = 8177 + 14. List the prime factors of g.
8191
Let a = -85 + 89. Suppose 0 = -n - 3*b + 429, -8*b + 13*b + 1733 = a*n. List the prime factors of n.
2, 3
Let p be ((-27)/12 + 1)*12. Let a = p - -2. List the prime factors of 2/a - (-1252)/26.
2, 3
Suppose 3*s = -4*c + 49272, -s - 29*c + 16410 = -30*c. What are the prime factors of s?
2, 3, 19
Suppose 474*h = 473*h + 3*u + 35876, -2*h + 71776 = -3*u. What are the prime factors of h?
2, 5, 359
Suppose 0 = 6*h - 2*h - 3*g + 318, -3*g = h + 87. Let d = h + 75. What are the prime factors of d/(-4)*(-4508)/(-42)?
7, 23
Suppose 4*u + 4*j - 29860 = 0, 5*u + 12266 = 3*j + 49575. List the prime factors of u.
17, 439
Let h = -13 - 86. Suppose -5 = 3*s + 1, -5*s = -2*z + 354. Let w = h + z. What are the prime factors of w?
73
Suppose 0 = 124*c - 119*c - 65. Suppose 3*t + 11 = -c. Let h(w) = w**2 - 4*w - 16. List the prime factors of h(t).
2, 5
Let u(z) = -248*z**2 - 10*z + 14. Let k(d) = -123*d**2 - 5*d + 5. Let v(n) = -5*k(n) + 2*u(n). What are the prime factors of v(-2)?
7, 67
Suppose 5*g = -3*r + 20 + 115, -r - 4*g + 45 = 0. What are the prime factors of 6/r - 25415/(-75)?
3, 113
Let c(q) be the second derivative of 57*q**4/4 + 2*q**3 - 11*q**2 + 50*q. What are the prime factors of c(2)?
2, 7
Suppose -13*v + 69 = 17. Suppose -4*l = v*q - 5040, 0*q - 1255 = -l - 2*q. List the prime factors of l.
5, 11, 23
Let x(o) = 3*o**3 - 2*o**2 - o + 2. Let u = 45 + -44. Let n be x(u). What are the prime factors of (-3)/((2/n)/(-5))?
3, 5
Let n(t) = 18*t + 63. Let o be n(21). Let k = o - 203. What are the prime factors of k?
2, 7, 17
Suppose 178*k + 4*z = 177*k + 15214, -2*k + 5*z + 30467 = 0. What are the prime factors of k?
2, 23, 331
Suppose -14 = -v + 4*l, 3*v + 1 = -3*l + 13. Suppose -3*y + 2*p + 313 = 0, 1 - v = -5*p. What are the prime factors of y?
3, 5, 7
Let l be 5 + 0 - (131 - 6/3). What are the prime factors of 693/(-110)*l + 8/10?
2, 17, 23
Suppose 6*s - 64 = -2*s. Let z be ((48/(-9))/s)/(2/(-6)). Let j = 26 + z. What are the prime factors of j?
2, 7
Suppose 4*k + 5*f - 8 = 0, -3*f = -k + 10 - 8. Suppose 3*t = -k*o + 2306, -3071 = -4*t - o + 2*o. What are the prime factors of t?
2, 3
Let j be -12*4/(-16) + (0 - -1). Let o = j + 61. Let a = o + -15. List the prime factors of a.
2, 5
Let f(d) be the second derivative of d**4/6 - 3*d**3/2 + 3*d**2 - 8*d. Let w be f(4). Suppose -w*z = -8*z + 882. List the prime factors of z.
3, 7
Let i(h) = 2*h**2 - 12*h - 4. Let t be i(6). Let d be (-6)/t*(-9)/((-36)/8). Suppose d*l - 190 = 68. What are the prime factors of l?
2, 43
Let a(m) = -233*m**2 - 4*m - 6. Let h(d) = 234*d**2 + 4*d + 7. Let n(u) = -4*a(u) - 3*h(u). List the prime factors of n(-1).
229
Let r = 508 + -473. List the prime factors of -1*5 - 7/(r/(-1615)).
2, 3, 53
Let d be ((-137)/3)/((-1)/(-3)). Let s = 6441 + -6226. Let a = d + s. List the prime factors of a.
2, 3, 13
Suppose 0 = 22*t - 72*t + 12950. What are the prime factors of t?
7, 37
Suppose 2569 = -3*t - 3*p + 202, 5*t - p + 3939 = 0. Let s = -238 - t. List the prime factors of s.
2, 5, 11
Let l be 5 + 175 - (4 - 0 - 1). Suppose l = 2*c + 167. List the prime factors of c.
5
Let v(g) be the first derivative of -g**3/3 - 16*g**2 + 7*g - 23. Let d be v(-24). Let n = 383 - d. List the prime factors of n.
2, 23
Suppose 2*z + 3*z + 5*s + 5 = 0, -17 = z + 5*s. Suppose -z*t + 0*w + w = -28, -3*w - 3 = 0. Let i(k) = 7*k - 26. What are the prime factors of i(t)?
37
Let o(c) = c + 147. Let x be o(0). Let a = -1618 + 1606. Let n = a + x. List the prime factors of n.
3, 5
Let n be -9*-3*(-3)/(-9). Let d(k) = k**3 - 9*k**2 + 17. Let x be d(n). What are the prime factors of ((-4)/1 - -5)*x?
17
Suppose 4 - 16 = -3*v. Suppose -p - 2*h - v = 0, 3*p +